 11, 199
Let m(g) = -g**3 - 10*g**2 - 3*g - 34. Let k be m(-10). Let f(w) = -73*w + 61. List the prime factors of f(k).
353
Suppose 67*r - 1298 - 6608 = 0. List the prime factors of r.
2, 59
Let p = 471 + -436. Suppose -28*d = -p*d + 1197. List the prime factors of d.
3, 19
Let k = 3411 - 1285. What are the prime factors of k/8 + (-38)/(-152)?
2, 7, 19
Let x be -1 + 4 + 4 + 120 + (-7 - -6). Let t(q) = 13*q**2 - 2*q - 2. Let d be t(2). Let b = x - d. List the prime factors of b.
2, 5
Let q = -53 + 56. Let h be 4/(-10)*(15/(-2))/q. List the prime factors of ((-2 + 111)*h)/(0 - -1).
109
Let m = 66153 + 17462. List the prime factors of m.
5, 7, 2389
Suppose 17*v - 12*v = 110. Suppose -5*j + v + 8 = 0. What are the prime factors of (-8)/(-12) + 518/j?
3, 29
Suppose 7*c - 321 = -34. Suppose -2*s - c = 71. What are the prime factors of (-126)/s*(-1 - -53)?
3, 13
Suppose -k - 48 + 18 = 0. Let f = k - -21. Let m = f + 74. What are the prime factors of m?
5, 13
Let y(o) = -3 - 2 - 8*o - 17. Let t = 52 + -66. List the prime factors of y(t).
2, 3, 5
Suppose -2*n + 376 = -0*n. Suppose -c + 144 = -n. What are the prime factors of c?
2, 83
Suppose 6*k + 5*b = 284123, -209081 = -3*k - 2*b - 67020. List the prime factors of k.
47353
Let b(l) be the second derivative of -21/2*l**2 + 13/6*l**3 + 0 - 30*l - 1/12*l**4. What are the prime factors of b(7)?
3, 7
Let j(w) = -153 - 109*w - 93*w + 217*w + 15. What are the prime factors of j(14)?
2, 3
Let y be 34/(-51) - (-17)/3. Suppose -j = -y*z + 146, 13 = -3*z + j + 101. Suppose -3*b + 196 = i, -b + 93 - z = i. List the prime factors of b.
2, 3, 11
Let q be 4 + (-7 + -13016)/(-9). Suppose -3*g + r + 2680 = 0, 4*r + 5019 = 4*g + q. What are the prime factors of g?
2, 3, 149
Suppose a + 83691 = 4*c, -45322 + 3452 = -2*c + 4*a. List the prime factors of c.
20921
Let i(n) = -n**2 + 9*n - 7. Let q be i(8). Suppose -d - q = -4. List the prime factors of 2/d*3*5.
2, 5
Let p = -84 + 157. Let w = -70 + p. Suppose 3*y - 299 = -2*i, -y - w*y = -2*i - 380. List the prime factors of y.
97
Suppose 2*d = -2*j + 560, -434 = -j - 2*d - 152. Suppose 3*i - 538 - j = 0. List the prime factors of i.
2, 17
Let i = 2137 - -1901. List the prime factors of i.
2, 3, 673
Suppose -72*b = -61*b - 21263. List the prime factors of b.
1933
Suppose -5*u + 5 = 3*g, 7*u = 2*u - 5*g - 5. Let x be 3 + u + -9 + 2. Suppose x*j = 4*j - 428. List the prime factors of j.
107
Let v(o) = -18*o - 2*o**2 + 6*o**2 + 5*o**2 - 2 - 8*o. List the prime factors of v(11).
3, 89
Suppose -10075 = 6*f - 17857. List the prime factors of f.
1297
Suppose 4*m = l - 5666, 28220 = 58*l - 53*l + 2*m. List the prime factors of l.
2, 3, 941
Let w = 4198 + 14779. List the prime factors of w.
7, 2711
Let x(b) = b**2 - 5*b - 9. Let f be x(6). Let j be (15/f)/((2/2)/(-11)). Let m = -22 + j. List the prime factors of m.
3, 11
Let x be 1 - 1*(-28 - -5). What are the prime factors of x/(-9)*(-270)/12?
2, 3, 5
Suppose -1421 + 10169 = g - 5*y, 5*g - 43770 = -5*y. List the prime factors of g.
8753
What are the prime factors of 21/(11130/23949587) + (-2)/(-20)?
2, 11, 13, 79
Suppose 25*x = 60*x + 840. Let h(k) = -k**2 - 55*k - 58. What are the prime factors of h(x)?
2, 7
Let k be ((-16 - -26) + 952)*(-1 - -18). Suppose -38*l + k = -12*l. List the prime factors of l.
17, 37
Let k be -3 + 0 - -18 - (47 + -40). Let j be 60/(-2)*4/10. Let x = k - j. List the prime factors of x.
2, 5
Suppose 548*g - 3778472 = 27261892. What are the prime factors of g?
3, 79, 239
Let j(r) = -42*r - 210. Let y(d) = -5*d. Let g(l) = j(l) - 10*y(l). What are the prime factors of g(36)?
2, 3, 13
List the prime factors of (24/15)/((-4)/442510*-17).
2, 19, 137
Let s(d) = 26*d**3 + 26*d**2 + 46*d - 310. What are the prime factors of s(14)?
2, 23, 1669
Suppose 4*u = 164 + 80. Let s = u + -43. What are the prime factors of 90/s*(-228)/(-10)?
2, 3, 19
Suppose -10*z = -7*z - 93. Let r(y) = 2*y**2 - 16*y - 145. What are the prime factors of r(z)?
3, 7, 61
Let m = -34 + 42. Suppose m*w - 13 = 11. Suppose 2*l = w*i + 121, -3*l - 3*i + 292 = 2*l. List the prime factors of l.
59
Let d = 11647 - 6957. What are the prime factors of d?
2, 5, 7, 67
Suppose 8 = h + 2*c, 6*h + 3*c - 22 = 2*h. Suppose h*y = 5*s + 3761, -10*s = -2*y - 13*s + 1875. What are the prime factors of y?
3, 313
Suppose -3*g - 2*g + 185 = 0. Let o = -26 + g. What are the prime factors of (2 - o)/(2/(-18))?
3
Suppose -3*g + 24 = 0, -2*g - 13461 = -3*n + 7055. What are the prime factors of n?
2, 29, 59
Suppose -c + 5*u - 25 = 0, -2*c + 0*c = u - 5. Suppose a - 248 = t, 9*a - 14*a + 25 = c. Let y = -88 - t. List the prime factors of y.
5, 31
Let w = -49 - -120. Let m = w - 31. What are the prime factors of (4/(-6))/(m/(-7020))?
3, 13
Let z(t) = -311*t + 143. What are the prime factors of z(-11)?
2, 3, 11
Suppose 630*y + 8577 = 639*y. List the prime factors of (y - 3)*(-27)/(-18).
3, 5, 19
Let z = 26 - 27. Let a(p) = -2*p**3 + p**2 - 2. Let s be a(z). List the prime factors of -1*((-6)/(s - 3))/(-1).
3
List the prime factors of (-6 - (-72872)/20)/(3 - 52/20).
2, 4547
Let t(d) = 4*d**3 + 3*d**3 - 2*d**3 - 4*d**3 - 9*d - 8 + 11*d**2. What are the prime factors of t(-9)?
5, 47
Suppose 0 = 2*w - 2 - 6. Suppose -w*l - 125 = l. Let u = l - -87. List the prime factors of u.
2, 31
Let x(z) = -15*z + 3*z**2 + 0*z - 18 + 3*z**2 - 7*z**2. Let t be x(-13). List the prime factors of (10/(-3))/(t/(-72)).
2, 3, 5
Suppose -2*t + 4 = p - 3, p - 4*t - 7 = 0. Let n be ((-76)/(-133))/(2/p - 0). Suppose -n*d + 73 = s, 5*d - 238 + 38 = s. What are the prime factors of d?
3, 13
Suppose -v = -2*v - 3*d - 27, 0 = 3*v + 3*d + 87. Let i = v + 59. What are the prime factors of -5 + 8 + i + -1 + 2?
3, 11
Let g(z) = z**3 - 3*z**2 - 7*z - 4. Let s be g(5). What are the prime factors of (143/4)/s*(184 + 0)?
2, 13, 23
Suppose 3*h + 2*m = 7, -7 = h - 6*h - m. Let j be h/((-2)/(-6)*3). List the prime factors of j/(3 + (-870)/291).
97
Let k = 114910 - 61457. What are the prime factors of k?
53453
Let j(t) = -5*t + 2. Let y be j(-3). Suppose 0 = y*a - 22*a + 7160. What are the prime factors of a?
2, 179
Let i(r) = r - 38. Let j be i(-30). What are the prime factors of (-1 - 8)*(j + (3 - 8))?
3, 73
Let r(m) = -333*m**3 - 17*m**2 - 33*m + 28. List the prime factors of r(-3).
5, 11, 163
Let p(v) = -2*v - 19. Let d be p(-6). Let m be (d/1)/(3/(-6)). Suppose -a - m = -60. What are the prime factors of a?
2, 23
Let c(n) = -n**3 + 2*n. Let v = -23 - -33. Suppose 0 = -6*m + m - v. What are the prime factors of c(m)?
2
Let k be ((-99)/(-22))/((-26)/364). Let w be 1/(-2) - 473/2. Let h = k - w. What are the prime factors of h?
2, 3, 29
Let h = 587 - 587. Suppose -12*v + 1402 - 70 = h. List the prime factors of v.
3, 37
Let p = -4518 + 4588. List the prime factors of p.
2, 5, 7
Suppose -f + 2*s + 12256 = 0, f - 11290 - 963 = s. What are the prime factors of f?
2, 5, 7
What are the prime factors of (7/2)/1*(-125)/((-19250)/783024)?
2, 3, 1483
Let a(g) = -14 - 16 + 17 - 22*g. Let z be a(-11). List the prime factors of 0 + 0 + 15 + z.
2, 61
Suppose -3*z + 2*y + 8074 = 0, -10*y + 8070 = 3*z - 13*y. Let b = 4249 - z. List the prime factors of b.
5, 311
Let a = 162 + -150. Suppose 1511 = -a*z + 6683. What are the prime factors of z?
431
Let v = 3469 + -1259. What are the prime factors of v?
2, 5, 13, 17
Suppose 18034434 = 400*x - 9528981 + 7161415. List the prime factors of x.
5, 101
Let g(u) be the second derivative of -38*u**3/3 + 125*u**2/2 + 114*u. List the prime factors of g(-14).
29, 41
Let k(t) = 192*t**2 + 85*t + 69. List the prime factors of k(-9).
2, 3, 619
Suppose -17*y + 522 = -11*y. Suppose 0 = 2*x - y - 133. List the prime factors of x.
2, 5, 11
Let n = 46 + -44. Suppose -d = -n*y + 473, 2*y - 4*y + 2*d = -474. Suppose 4*g - y = -t - 2*t, 2*g = 10. What are the prime factors of t?
2, 3
Let p(r) = 84*r - 67. Let z = -514 + 530. List the prime factors of p(z).
1277
Let n(j) = 36*j**2 + 4*j - 4. Let t be n(1). Let z be (-6)/t + 38/12. Suppose 2*u = -0*u + 10, 4*x + z*u = 211. What are the prime factors of x?
7
Let c = 16937 - 308. What are the prime factors of c?
3, 23, 241
Let i be 258/(-8) - 20/(-16). Let p = i + 317. What are the prime factors of p?
2, 11, 13
Suppose 0 = 4*x - o - 6336, 1074 = 2*x - 5